tiple of 198?
False
Does 619 divide 430824?
True
Is 283 a factor of 42167?
True
Is 2639172 a multiple of 81?
False
Is 35029 a multiple of 2?
False
Does 877 divide 5849306?
False
Does 125 divide 1223750?
True
Does 24 divide 2047008?
True
Is 696763 a multiple of 3?
False
Is 550 a factor of 3056216?
False
Is 10 a factor of 56770?
True
Is 178 a factor of 731402?
True
Is 32 a factor of 182304?
True
Is 668284 a multiple of 49?
False
Does 14 divide 715036?
True
Is 1703808 a multiple of 1088?
True
Is 782 a factor of 1117426?
False
Is 2995413 a multiple of 190?
False
Does 896 divide 8196081?
False
Is 638894 a multiple of 731?
True
Is 85018 a multiple of 45?
False
Is 10 a factor of 2171767?
False
Is 2018448 a multiple of 524?
True
Does 99 divide 76032?
True
Is 14 a factor of 150416?
True
Is 620 a factor of 1888860?
False
Does 78 divide 527982?
True
Is 9115680 a multiple of 672?
True
Is 5090070 a multiple of 812?
False
Does 24 divide 2698848?
True
Is 10 a factor of 67020?
True
Is 307340 a multiple of 162?
False
Is 426894 a multiple of 421?
True
Does 38 divide 228264?
False
Is 809697 a multiple of 443?
False
Is 8645815 a multiple of 27?
False
Does 56 divide 1269050?
False
Is 518793 a multiple of 15?
False
Does 5 divide 3145?
True
Is 5 a factor of 85164?
False
Does 14 divide 30306926?
False
Does 51 divide 127653?
True
Does 124 divide 243018?
False
Is 3 a factor of 568?
False
Does 42 divide 9524046?
True
Is 4619003 a multiple of 809?
False
Does 91 divide 819910?
True
Is 295857 a multiple of 463?
True
Is 1969934 a multiple of 7?
False
Does 418 divide 7699560?
True
Is 26 a factor of 11957081?
False
Does 3 divide 23632?
False
Is 575492 a multiple of 9?
False
Is 5 a factor of 854071?
False
Does 5 divide 1278?
False
Is 947758 a multiple of 14?
True
Is 238266 a multiple of 63?
True
Is 225005 a multiple of 11?
True
Does 20 divide 1013000?
True
Is 17176 a multiple of 7?
False
Does 15 divide 323730?
True
Is 77 a factor of 323090?
False
Is 1217 a factor of 6191877?
False
Is 176 a factor of 9202230?
False
Does 38 divide 1649884?
True
Does 150 divide 471600?
True
Is 10395 a multiple of 33?
True
Is 4 a factor of 24076?
True
Is 202756 a multiple of 346?
True
Is 113 a factor of 718567?
True
Is 15 a factor of 2699825?
False
Does 50 divide 1367900?
True
Does 343 divide 533365?
True
Is 2110696 a multiple of 3?
False
Does 181 divide 1046881?
False
Is 68 a factor of 144511?
False
Does 150 divide 10521750?
True
Does 13 divide 11934?
True
Does 24 divide 83667?
False
Does 311 divide 3196458?
True
Does 10 divide 62446?
False
Does 1380 divide 11523000?
True
Is 11 a factor of 309255?
False
Is 381055 a multiple of 26?
False
Is 56911 a multiple of 43?
False
Is 251370 a multiple of 147?
True
Is 1746334 a multiple of 26?
False
Is 884520 a multiple of 360?
True
Is 102 a factor of 79054?
False
Does 424 divide 296266?
False
Is 168070 a multiple of 5?
True
Does 67 divide 1758013?
True
Is 666 a factor of 669099?
False
Is 6 a factor of 309071?
False
Does 11 divide 381634?
True
Is 26818 a multiple of 23?
True
Does 1302 divide 18280918?
False
Does 14 divide 342286?
True
Is 9 a factor of 852064?
False
Is 4 a factor of 937605?
False
Is 156 a factor of 370455?
False
Is 19332 a multiple of 9?
True
Is 679657 a multiple of 137?
True
Does 321 divide 78272?
False
Is 141 a factor of 8492495?
False
Is 9 a factor of 12038541?
False
Is 307 a factor of 2584940?
True
Is 710 a factor of 3346230?
True
Is 1559 a factor of 2665890?
True
Is 2297415 a multiple of 309?
True
Is 88 a factor of 11705591?
False
Is 100845 a multiple of 45?
True
Does 33 divide 524671?
False
Is 24 a factor of 11987616?
True
Does 2 divide 12532?
True
Does 86 divide 224660?
False
Is 262 a factor of 4516356?
True
Is 67821 a multiple of 39?
True
Is 1455246 a multiple of 766?
False
Is 3081308 a multiple of 29?
True
Does 17 divide 450063?
False
Is 6317 a multiple of 8?
False
Is 15 a factor of 1697367?
False
Is 3709888 a multiple of 637?
True
Does 17 divide 344779?
False
Is 566 a factor of 1042628?
False
Is 147 a factor of 6315708?
True
Is 92 a factor of 59624?
False
Is 4334 a multiple of 22?
True
Is 9102971 a multiple of 1523?
True
Is 20 a factor of 42294040?
True
Does 145 divide 52780?
True
Does 24 divide 691536?
True
Is 13 a factor of 502524?
False
Does 4 divide 764184?
True
Is 20 a factor of 4321136?
False
Is 2024362 a multiple of 7?
False
Is 11 a factor of 314257?
False
Is 2456010 a multiple of 261?
True
Is 174605 a multiple of 95?
False
Is 1173666 a multiple of 11?
False
Does 55 divide 597354?
False
Is 724450 a multiple of 2?
True
Does 760 divide 116505?
False
Is 19046 a multiple of 49?
False
Is 284679 a multiple of 141?
True
Does 195 divide 660969?
False
Is 298 a factor of 1871440?
True
Is 798 a factor of 2970156?
True
Does 2 divide 312385?
False
Does 39 divide 1409426?
False
Does 74 divide 682650?
True
Does 89 divide 7975510?
False
Is 46 a factor of 598689?
False
Is 3225740 a multiple of 5?
True
Is 529844 a multiple of 128?
False
Is 408576 a multiple of 19?
True
Is 195 a factor of 103155?
True
Is 2 a factor of 1792192?
True
Is 275415 a multiple of 15?
True
Is 3 a factor of 596236?
False
Is 44116 a multiple of 4?
True
Is 348 a factor of 4658296?
False
Does 40 divide 3066490?
False
Does 11 divide 2627601?
False
Does 12 divide 2658032?
False
Is 1381743 a multiple of 99?
True
Does 4 divide 176792?
True
Does 29 divide 227737?
True
Is 657560 a multiple of 135?
False
Is 115129 a multiple of 64?
False
Does 44 divide 130020?
True
Is 246 a factor of 285970?
False
Is 10036 a multiple of 386?
True
Does 82 divide 257172?
False
Is 37 a factor of 10156?
False
Does 224 divide 4395552?
True
Does 9 divide 732015?
True
Is 26 a factor of 152197?
False
Is 43 a factor of 162798?
True
Does 527 divide 7754144?
False
Is 86 a factor of 1330936?
True
Does 47 divide 137218?
False
Does 16 divide 123168?
True
Does 10 divide 1156420?
True
Does 2 divide 563412?
True
Does 297 divide 4427042?
False
Is 3434956 a multiple of 47?
False
Is 158102 even?
True
Is 3284847 a multiple of 3?
True
Does 95 divide 511799?
False
Is 2986 a multiple of 64?
False
Is 3972575 a multiple of 306?
False
Is 1091739 a multiple of 94?
False
Is 274480 a multiple of 292?
True
Is 14012 even?
True
Is 7 a factor of 297052?
True
Is 541836 a multiple of 27?
True
Is 41 a factor of 208789?
False
Is 3971360 a multiple of 74?
False
Is 115 a factor of 2113125?
True
Is 11 a factor of 110875?
False
Does 94 divide 58656?
True
Is 4 a factor of 268548?
True
Does 18 divide 6917802?
False
Is 674514 a multiple of 295?
False
Does 153 divide 71078?
False
Is 966 a factor of 1525925?
False
Is 578820 a multiple of 110?
True
Is 4 a factor of 66979?
False
Is 162720 a multiple of 24?
True
Does 32 divide 2264576?
True
Does 140 divide 5909468?
False
Is 24 a factor of 702384?
True
Is 212400 a multiple of 240?
True
Is 191820 a multiple of 230?
True
Does 2 divide 1238052?
True
Is 517940 a multiple of 47?
True
Does 7 divide 138770?
False
Is 410 a factor of 11867040?
True
Is 312399 a multiple of 25?
False
Is 991 a factor of 5616554?
False
Does 950 divide 2465250?
True
Is 62860 a multiple of 35?
True
Does 504 divide 109872?
True
Does 2 divide 39428?
True
Does 51 divide 7949158?
False
Is 322741 a multiple of 80?
False
Is 677653 a multiple of 19?
False
Is 30992 a multiple of 4?
True
Is 22 a factor of 186693?
False
Is 23 a factor of 161601?
False
Is 69228 a multiple of 27?
True
Is 30 a factor of 405124?
False
Is 30226 a multiple of 14?
True
Is 163064 a multiple of 11?
True
Is 1048553 a multiple of 18?
False
Is 67 a factor of 2425400?
True
Is 178404 a multiple of 54?
False
Is 26 a factor of 2385708?
True
Is 127 a factor of 4134231?
True
Is 12 a factor of 11112?
True
Does 15 divide 20772701?
False
Is 4010 a multiple of 124?
False
Is 107 a factor of 200328?
False
Is 142420 a multiple of 4?
True
Is 5 a factor of 18855?
True
Does 7 divide 582048?
False
Is 1711842 a multiple of 1221?
True
Is 65142 a multiple of 14?
True
Is 244533 a multiple of 5?
False
Is 781002 a multiple of 175?
False
Does 206 divide 2799540?
True
Does 135 divide 4112910?
True
Is 14774 a multiple of 16?
False
Is 1651884 a multiple of 6?
True
Is 260306 a multiple of 314?
True
Is 67944 a multiple of 80?
False
Does 301 divide 407425?
False
Is 408 a factor of 29784?
True